{"id":282,"date":"2019-09-02T12:01:32","date_gmt":"2019-09-02T12:01:32","guid":{"rendered":"http:\/\/filminute.com\/2019\/?page_id=282"},"modified":"2021-10-21T09:40:57","modified_gmt":"2021-10-21T09:40:57","slug":"filminute-partners","status":"publish","type":"page","link":"https:\/\/filminute.com\/festival\/filminute-partners\/","title":{"rendered":"Filminute Partners"},"content":{"rendered":"\n<div style=\"color:#ddd\" class=\"wp-block-atomic-blocks-ab-spacer ab-block-spacer ab-divider-solid ab-divider-size-1\"><hr style=\"height:30px\"\/><\/div>\n\n\n\n<div class=\"wp-block-atomic-blocks-ab-columns partners ab-layout-columns-2 ab-2-col-equal alignwide\"><div class=\"ab-layout-column-wrap ab-block-layout-column-gap-0 ab-is-responsive-column\">\n<div class=\"wp-block-atomic-blocks-ab-column ab-block-layout-column\"><div class=\"ab-block-layout-column-inner\">\n<div style=\"background-color:#ffffff;color:#32373c\" class=\"wp-block-atomic-blocks-ab-profile-box partners round ab-has-avatar ab-font-size-14 ab-block-profile ab-profile-columns\"><div class=\"ab-profile-column ab-profile-avatar-wrap\"><div class=\"ab-profile-image-wrap\"><figure class=\"ab-profile-image-square\"><img loading=\"lazy\" decoding=\"async\" width=\"200\" height=\"200\" class=\"ab-profile-avatar wp-image-1313\" src=\"https:\/\/filminute.com\/festival\/wp-content\/uploads\/2019\/10\/fipresci-logo.jpg\" alt=\"\" srcset=\"https:\/\/filminute.com\/festival\/wp-content\/uploads\/2019\/10\/fipresci-logo.jpg 200w, https:\/\/filminute.com\/festival\/wp-content\/uploads\/2019\/10\/fipresci-logo-150x150.jpg 150w, https:\/\/filminute.com\/festival\/wp-content\/uploads\/2019\/10\/fipresci-logo-80x80.jpg 80w\" sizes=\"auto, (max-width: 200px) 100vw, 200px\" \/><\/figure><\/div><\/div><div class=\"ab-profile-column ab-profile-content-wrap\"><h2 class=\"ab-profile-name\" style=\"color:#32373c\"><\/h2><p class=\"ab-profile-title\" style=\"color:#32373c\"><\/p><div class=\"ab-profile-text\"><p> FIPRESCI,  short for\u00a0F\u00e9d\u00e9ration Internationale de la Presse Cin\u00e9matographique,\u00a0\u00a0is an  association of national organizations of professional film critics and film  journalists from around the world for \u201cthe promotion and development of film  culture and for the safeguarding of professional interests.\u201d It is present in  more than 50 countries worldwide and at many of the world\u2019s leading film  festivals.\u00a0\u00a0<br\/><\/p><\/div><ul class=\"ab-social-links\"><\/ul><\/div><\/div>\n<\/div><\/div>\n\n\n\n<div class=\"wp-block-atomic-blocks-ab-column ab-block-layout-column\"><div class=\"ab-block-layout-column-inner\">\n<div style=\"background-color:#ffffff;color:#32373c\" class=\"wp-block-atomic-blocks-ab-profile-box partners round ab-has-avatar ab-font-size-14 ab-block-profile ab-profile-columns\"><div class=\"ab-profile-column ab-profile-avatar-wrap\"><div class=\"ab-profile-image-wrap\"><figure class=\"ab-profile-image-square\"><img decoding=\"async\" class=\"ab-profile-avatar wp-image-297\" src=\"https:\/\/filminute.com\/festival\/wp-content\/uploads\/2019\/09\/les-films-de-cannes-logo.jpg\" alt=\"\"\/><\/figure><\/div><\/div><div class=\"ab-profile-column ab-profile-content-wrap\"><h2 class=\"ab-profile-name\" style=\"color:#32373c\"><\/h2><p class=\"ab-profile-title\" style=\"color:#32373c\"><\/p><div class=\"ab-profile-text\"><p>Les Films de Cannes a Bucarest, is an initiative launched in 2010 by Romanian Palme D&#8217;Or winner Cristian Mungiu which brings a selection of films and filmmakers from the current year&#8217;s Cannes competition to Bucharest.<br\/>Each year the festival screens each of the Filminute films before a Cannes title and awards the Filminute Trophy. <\/p><\/div><ul class=\"ab-social-links\"><\/ul><\/div><\/div>\n\n\n\n<p><\/p>\n<\/div><\/div>\n<\/div><\/div>\n\n\n\n<div class=\"wp-block-atomic-blocks-ab-columns ab-layout-columns-2 ab-2-col-equal alignwide\"><div class=\"ab-layout-column-wrap ab-block-layout-column-gap-0 ab-is-responsive-column\">\n<div class=\"wp-block-atomic-blocks-ab-column ab-block-layout-column ab-is-vertically-aligned-top\"><div class=\"ab-block-layout-column-inner\">\n<div style=\"background-color:#ffffff;color:#32373c\" class=\"wp-block-atomic-blocks-ab-profile-box partners left round ab-has-avatar ab-font-size-14 ab-block-profile ab-profile-columns\"><div class=\"ab-profile-column ab-profile-avatar-wrap\"><div class=\"ab-profile-image-wrap\"><figure class=\"ab-profile-image-square\"><img decoding=\"async\" class=\"ab-profile-avatar wp-image-294\" src=\"https:\/\/filminute.com\/festival\/wp-content\/uploads\/2019\/09\/cineuropa-logo.jpg\" alt=\"\"\/><\/figure><\/div><\/div><div class=\"ab-profile-column ab-profile-content-wrap\"><h2 class=\"ab-profile-name\" style=\"color:#32373c\"><\/h2><p class=\"ab-profile-title\" style=\"color:#32373c\"><\/p><div class=\"ab-profile-text\"><p>Cineuropa is the first European portal dedicated to cinema and audiovisual in 4 languages. With daily news, interviews, data bases, in-depth investigations into the audiovisual industry, Cineuropa aims at promoting the European film industry throughout the world. <\/p><\/div><ul class=\"ab-social-links\"><\/ul><\/div><\/div>\n<\/div><\/div>\n\n\n\n<div class=\"wp-block-atomic-blocks-ab-column ab-block-layout-column\"><div class=\"ab-block-layout-column-inner\">\n<div style=\"background-color:#ffffff;color:#32373c\" class=\"wp-block-atomic-blocks-ab-profile-box partners round ab-has-avatar ab-font-size-14 ab-block-profile ab-profile-columns\"><div class=\"ab-profile-column ab-profile-avatar-wrap\"><div class=\"ab-profile-image-wrap\"><figure class=\"ab-profile-image-square\"><img loading=\"lazy\" decoding=\"async\" width=\"200\" height=\"200\" class=\"ab-profile-avatar wp-image-3505\" src=\"https:\/\/filminute.com\/festival\/wp-content\/uploads\/2021\/10\/santa-maddalena.jpg\" alt=\"\" srcset=\"https:\/\/filminute.com\/festival\/wp-content\/uploads\/2021\/10\/santa-maddalena.jpg 200w, https:\/\/filminute.com\/festival\/wp-content\/uploads\/2021\/10\/santa-maddalena-150x150.jpg 150w, https:\/\/filminute.com\/festival\/wp-content\/uploads\/2021\/10\/santa-maddalena-80x80.jpg 80w\" sizes=\"auto, (max-width: 200px) 100vw, 200px\" \/><\/figure><\/div><\/div><div class=\"ab-profile-column ab-profile-content-wrap\"><h2 class=\"ab-profile-name\" style=\"color:#32373c\"><\/h2><p class=\"ab-profile-title\" style=\"color:#32373c\"><\/p><div class=\"ab-profile-text\"><p>Santa Maddalena is a celebrated writing retreat in Tuscany. It was founded in 1967 by Beatrice Monti della Corte and the writer Gregor Von Rezzori and has hosted a long list of great writers including Michael Ondaatje, Bruce Chatwin, and Zadie Smith.\u00a0Since Filminute&#8217;s founding in 2006, Santa Maddalena has provided guidance and jurors underscoring the festival&#8217;s focus on story.\u00a0 <\/p><\/div><ul class=\"ab-social-links\"><\/ul><\/div><\/div>\n<\/div><\/div>\n<\/div><\/div>\n\n\n\n<div class=\"wp-block-atomic-blocks-ab-columns ab-layout-columns-2 ab-2-col-equal alignwide\"><div class=\"ab-layout-column-wrap ab-block-layout-column-gap-0 ab-is-responsive-column\">\n<div class=\"wp-block-atomic-blocks-ab-column partners ab-block-layout-column\"><div class=\"ab-block-layout-column-inner\">\n<div style=\"background-color:#ffffff;color:#32373c\" class=\"wp-block-atomic-blocks-ab-profile-box partners left round ab-has-avatar ab-font-size-14 ab-block-profile ab-profile-columns\"><div class=\"ab-profile-column ab-profile-avatar-wrap\"><div class=\"ab-profile-image-wrap\"><figure class=\"ab-profile-image-square\"><img loading=\"lazy\" decoding=\"async\" width=\"200\" height=\"200\" class=\"ab-profile-avatar wp-image-319\" src=\"https:\/\/filminute.com\/festival\/wp-content\/uploads\/2019\/09\/cinepub-logo.jpg\" alt=\"\" srcset=\"https:\/\/filminute.com\/festival\/wp-content\/uploads\/2019\/09\/cinepub-logo.jpg 200w, https:\/\/filminute.com\/festival\/wp-content\/uploads\/2019\/09\/cinepub-logo-150x150.jpg 150w, https:\/\/filminute.com\/festival\/wp-content\/uploads\/2019\/09\/cinepub-logo-80x80.jpg 80w\" sizes=\"auto, (max-width: 200px) 100vw, 200px\" \/><\/figure><\/div><\/div><div class=\"ab-profile-column ab-profile-content-wrap\"><h2 class=\"ab-profile-name\" style=\"color:#32373c\"><\/h2><p class=\"ab-profile-title\" style=\"color:#32373c\"><\/p><div class=\"ab-profile-text\"><p>Cinepub is an online platform dedicated to Romanian cinema, a project established by GAV in partnership with Google. It is a project that aims to bring to the audiences not only films of well known directors, but also independent productions made by those with a real passion for film but at the beginning of their careers. <\/p><p><\/p><\/div><ul class=\"ab-social-links\"><\/ul><\/div><\/div>\n<\/div><\/div>\n\n\n\n<div class=\"wp-block-atomic-blocks-ab-column ab-block-layout-column\"><div class=\"ab-block-layout-column-inner\">\n<div style=\"background-color:#ffffff;color:#32373c\" class=\"wp-block-atomic-blocks-ab-profile-box left round ab-has-avatar ab-font-size-14 ab-block-profile ab-profile-columns\"><div class=\"ab-profile-column ab-profile-avatar-wrap\"><div class=\"ab-profile-image-wrap\"><figure class=\"ab-profile-image-square\"><img loading=\"lazy\" decoding=\"async\" width=\"200\" height=\"200\" class=\"ab-profile-avatar wp-image-310\" src=\"https:\/\/filminute.com\/festival\/wp-content\/uploads\/2019\/09\/access-subtitling-logo.jpg\" alt=\"\" srcset=\"https:\/\/filminute.com\/festival\/wp-content\/uploads\/2019\/09\/access-subtitling-logo.jpg 200w, https:\/\/filminute.com\/festival\/wp-content\/uploads\/2019\/09\/access-subtitling-logo-150x150.jpg 150w, https:\/\/filminute.com\/festival\/wp-content\/uploads\/2019\/09\/access-subtitling-logo-80x80.jpg 80w\" sizes=\"auto, (max-width: 200px) 100vw, 200px\" \/><\/figure><\/div><\/div><div class=\"ab-profile-column ab-profile-content-wrap\"><h2 class=\"ab-profile-name\" style=\"color:#32373c\"><\/h2><p class=\"ab-profile-title\" style=\"color:#32373c\"><\/p><div class=\"ab-profile-text\"><p> Access Subtitling provides film-makers with affordable deaf-aware closed captions. With one in six of the UK population alone having some hearing loss, it\u2019s our mission to make all online film accessible for everyone to enjoy. <\/p><\/div><ul class=\"ab-social-links\"><\/ul><\/div><\/div>\n<\/div><\/div>\n<\/div><\/div>\n\n\n\n<div class=\"wp-block-atomic-blocks-ab-columns ab-layout-columns-2 ab-2-col-equal alignwide\"><div class=\"ab-layout-column-wrap ab-block-layout-column-gap-0 ab-is-responsive-column\">\n<div class=\"wp-block-atomic-blocks-ab-column ab-block-layout-column\"><div class=\"ab-block-layout-column-inner\">\n<div style=\"background-color:#ffffff;color:#32373c\" class=\"wp-block-atomic-blocks-ab-profile-box partners round ab-has-avatar ab-font-size-14 ab-block-profile ab-profile-columns\"><div class=\"ab-profile-column ab-profile-avatar-wrap\"><div class=\"ab-profile-image-wrap\"><figure class=\"ab-profile-image-square\"><img loading=\"lazy\" decoding=\"async\" width=\"200\" height=\"200\" class=\"ab-profile-avatar wp-image-308\" src=\"https:\/\/filminute.com\/festival\/wp-content\/uploads\/2019\/09\/cinecoup-logo.jpg\" alt=\"\" srcset=\"https:\/\/filminute.com\/festival\/wp-content\/uploads\/2019\/09\/cinecoup-logo.jpg 200w, https:\/\/filminute.com\/festival\/wp-content\/uploads\/2019\/09\/cinecoup-logo-150x150.jpg 150w, https:\/\/filminute.com\/festival\/wp-content\/uploads\/2019\/09\/cinecoup-logo-80x80.jpg 80w\" sizes=\"auto, (max-width: 200px) 100vw, 200px\" \/><\/figure><\/div><\/div><div class=\"ab-profile-column ab-profile-content-wrap\"><h2 class=\"ab-profile-name\" style=\"color:#32373c\"><\/h2><p class=\"ab-profile-title\" style=\"color:#32373c\"><\/p><div class=\"ab-profile-text\"><p>The  Coup Company is a Vancouver-based  disruptive media studio built on the power of fan influence.\u00a0 Their  CineCoup Film Accelerator delivers production financing and guaranteed  distribution to Indie filmmakers. <\/p><\/div><ul class=\"ab-social-links\"><\/ul><\/div><\/div>\n<\/div><\/div>\n\n\n\n<div class=\"wp-block-atomic-blocks-ab-column ab-block-layout-column\"><div class=\"ab-block-layout-column-inner\">\n<div style=\"background-color:#ffffff;color:#32373c\" class=\"wp-block-atomic-blocks-ab-profile-box partners left round ab-has-avatar ab-font-size-14 ab-block-profile ab-profile-columns\"><div class=\"ab-profile-column ab-profile-avatar-wrap\"><div class=\"ab-profile-image-wrap\"><figure class=\"ab-profile-image-square\"><img loading=\"lazy\" decoding=\"async\" width=\"200\" height=\"200\" class=\"ab-profile-avatar wp-image-321\" src=\"https:\/\/filminute.com\/festival\/wp-content\/uploads\/2019\/09\/nisimasa-logo.jpg\" alt=\"\" srcset=\"https:\/\/filminute.com\/festival\/wp-content\/uploads\/2019\/09\/nisimasa-logo.jpg 200w, https:\/\/filminute.com\/festival\/wp-content\/uploads\/2019\/09\/nisimasa-logo-150x150.jpg 150w, https:\/\/filminute.com\/festival\/wp-content\/uploads\/2019\/09\/nisimasa-logo-80x80.jpg 80w\" sizes=\"auto, (max-width: 200px) 100vw, 200px\" \/><\/figure><\/div><\/div><div class=\"ab-profile-column ab-profile-content-wrap\"><h2 class=\"ab-profile-name\" style=\"color:#32373c\"><\/h2><p class=\"ab-profile-title\" style=\"color:#32373c\"><\/p><div class=\"ab-profile-text\"><p>Nisimazine is the official publication of NISI MASA &#8211; European Network of Young Cinema. All the content is produced by young aspiring and professional film critics and enthusiasts, who gather at major international Film Festivals to complete an indeepth workshop program. Other smaller coverages occur throughout the year. <\/p><\/div><ul class=\"ab-social-links\"><\/ul><\/div><\/div>\n<\/div><\/div>\n<\/div><\/div>\n\n\n\n<div class=\"wp-block-atomic-blocks-ab-columns ab-layout-columns-2 ab-2-col-equal alignwide\"><div class=\"ab-layout-column-wrap ab-block-layout-column-gap-0 ab-is-responsive-column\">\n<div class=\"wp-block-atomic-blocks-ab-column ab-block-layout-column\"><div class=\"ab-block-layout-column-inner\">\n<div style=\"background-color:#ffffff;color:#32373c\" class=\"wp-block-atomic-blocks-ab-profile-box partners left round ab-has-avatar ab-font-size-14 ab-block-profile ab-profile-columns\"><div class=\"ab-profile-column ab-profile-avatar-wrap\"><div class=\"ab-profile-image-wrap\"><figure class=\"ab-profile-image-square\"><img loading=\"lazy\" decoding=\"async\" width=\"200\" height=\"200\" class=\"ab-profile-avatar wp-image-314\" src=\"https:\/\/filminute.com\/festival\/wp-content\/uploads\/2019\/09\/shooting-people-logo.jpg\" alt=\"\" srcset=\"https:\/\/filminute.com\/festival\/wp-content\/uploads\/2019\/09\/shooting-people-logo.jpg 200w, https:\/\/filminute.com\/festival\/wp-content\/uploads\/2019\/09\/shooting-people-logo-150x150.jpg 150w, https:\/\/filminute.com\/festival\/wp-content\/uploads\/2019\/09\/shooting-people-logo-80x80.jpg 80w\" sizes=\"auto, (max-width: 200px) 100vw, 200px\" \/><\/figure><\/div><\/div><div class=\"ab-profile-column ab-profile-content-wrap\"><h2 class=\"ab-profile-name\" style=\"color:#32373c\"><\/h2><p class=\"ab-profile-title\" style=\"color:#32373c\"><\/p><div class=\"ab-profile-text\"><p>Shooting People is the network of independent film creatives. 38,000 filmmakers in the UK &amp; US connect, collaborate and make films using our online resources. shootingpeople.org <\/p><\/div><ul class=\"ab-social-links\"><\/ul><\/div><\/div>\n<\/div><\/div>\n\n\n\n<div class=\"wp-block-atomic-blocks-ab-column ab-block-layout-column\"><div class=\"ab-block-layout-column-inner\">\n<div style=\"background-color:#ffffff;color:#32373c\" class=\"wp-block-atomic-blocks-ab-profile-box partners round ab-has-avatar ab-font-size-14 ab-block-profile ab-profile-columns\"><div class=\"ab-profile-column ab-profile-avatar-wrap\"><div class=\"ab-profile-image-wrap\"><figure class=\"ab-profile-image-square\"><img loading=\"lazy\" decoding=\"async\" width=\"200\" height=\"200\" class=\"ab-profile-avatar wp-image-322\" src=\"https:\/\/filminute.com\/festival\/wp-content\/uploads\/2019\/09\/feeder-logo.jpg\" alt=\"\" srcset=\"https:\/\/filminute.com\/festival\/wp-content\/uploads\/2019\/09\/feeder-logo.jpg 200w, https:\/\/filminute.com\/festival\/wp-content\/uploads\/2019\/09\/feeder-logo-150x150.jpg 150w, https:\/\/filminute.com\/festival\/wp-content\/uploads\/2019\/09\/feeder-logo-80x80.jpg 80w\" sizes=\"auto, (max-width: 200px) 100vw, 200px\" \/><\/figure><\/div><\/div><div class=\"ab-profile-column ab-profile-content-wrap\"><h2 class=\"ab-profile-name\" style=\"color:#32373c\"><\/h2><p class=\"ab-profile-title\" style=\"color:#32373c\"><\/p><div class=\"ab-profile-text\"><p>Feeder.ro is \u201ethe alternative nation\u2019s news agency\u201d, a Bucharest-based website which, for the past 14 years, has been publishing news and articles on the urban scene, alternative events, contemporary art, music, architecture, design, contemporary dance &amp; more. <\/p><\/div><ul class=\"ab-social-links\"><\/ul><\/div><\/div>\n<\/div><\/div>\n<\/div><\/div>\n","protected":false},"excerpt":{"rendered":"","protected":false},"author":1,"featured_media":0,"parent":0,"menu_order":0,"comment_status":"closed","ping_status":"closed","template":"","meta":{"_genesis_hide_title":false,"_genesis_hide_breadcrumbs":false,"_genesis_hide_singular_image":false,"_genesis_hide_footer_widgets":false,"_genesis_custom_body_class":"","_genesis_custom_post_class":"","_genesis_layout":"","footnotes":""},"class_list":{"0":"post-282","1":"page","2":"type-page","3":"status-publish","5":"entry","6":"has-post-thumbnail"},"featured_image_src":null,"featured_image_src_square":null,"_links":{"self":[{"href":"https:\/\/filminute.com\/festival\/wp-json\/wp\/v2\/pages\/282","targetHints":{"allow":["GET"]}}],"collection":[{"href":"https:\/\/filminute.com\/festival\/wp-json\/wp\/v2\/pages"}],"about":[{"href":"https:\/\/filminute.com\/festival\/wp-json\/wp\/v2\/types\/page"}],"author":[{"embeddable":true,"href":"https:\/\/filminute.com\/festival\/wp-json\/wp\/v2\/users\/1"}],"replies":[{"embeddable":true,"href":"https:\/\/filminute.com\/festival\/wp-json\/wp\/v2\/comments?post=282"}],"version-history":[{"count":1,"href":"https:\/\/filminute.com\/festival\/wp-json\/wp\/v2\/pages\/282\/revisions"}],"predecessor-version":[{"id":3506,"href":"https:\/\/filminute.com\/festival\/wp-json\/wp\/v2\/pages\/282\/revisions\/3506"}],"wp:attachment":[{"href":"https:\/\/filminute.com\/festival\/wp-json\/wp\/v2\/media?parent=282"}],"curies":[{"name":"wp","href":"https:\/\/api.w.org\/{rel}","templated":true}]}}